113?
-11340
In base 6, what is -22024110004 - 3?
-22024110011
In base 13, what is -3a07 + 33a0?
-637
In base 12, what is 319149a00 - -3?
319149a03
In base 11, what is 2173a2 - -969?
218260
In base 14, what is b8 - -32976?
32a50
In base 5, what is -3 + -10401004234?
-10401004242
In base 13, what is 80ca8 + -2a4?
80a04
In base 8, what is 134 + 3441277?
3441433
In base 7, what is -504430 + -1103?
-505533
In base 7, what is 15335 + -354404?
-336036
In base 7, what is -2410122 + -3?
-2410125
In base 15, what is -e0948 - -19b?
-e079c
In base 10, what is -6 - -605667?
605661
In base 7, what is -123406 + -210?
-123616
In base 4, what is -3311 - -200120201?
200110230
In base 13, what is 0 + 443423?
443423
In base 7, what is -313 + 10611?
10265
In base 2, what is -11100010110 + -1100111000001?
-10000011010111
In base 11, what is 580 - 1a26a?
-1979a
In base 6, what is 214504040 - 152?
214503444
In base 9, what is 211217 - 105?
211112
In base 2, what is 101101100000000101000010001 - -10?
101101100000000101000010011
In base 12, what is -1343 + -15131?
-16474
In base 14, what is -4 - -1086cc?
1086c8
In base 15, what is -67806 - 1?
-67807
In base 4, what is -11 + 11103023203220?
11103023203203
In base 13, what is c404 + -216?
c1bb
In base 6, what is -113 + -22352332?
-22352445
In base 6, what is 40100152340 - 0?
40100152340
In base 7, what is 162160 - -122?
162312
In base 12, what is 3a79 + -1b8?
3881
In base 12, what is -70590 - 1153?
-71723
In base 9, what is 46 + -61838?
-61782
In base 5, what is 221102344 + -1?
221102343
In base 11, what is -181451929 + -2?
-181451930
In base 5, what is -10343204130 - 22?
-10343204202
In base 3, what is -1021102200220221 - 0?
-1021102200220221
In base 16, what is 7 - ebce1?
-ebcda
In base 3, what is -10101202000 - -120000?
-10101012000
In base 13, what is 3 + 1789a5?
1789a8
In base 12, what is 29362 - 1983?
2759b
In base 6, what is -2052135034 - 25?
-2052135103
In base 9, what is 88555 + 1115?
100671
In base 16, what is -21d9209 - 0?
-21d9209
In base 16, what is c0 + e9356?
e9416
In base 10, what is -4 + 5474020?
5474016
In base 13, what is 1c3 - -ac24b?
ac441
In base 4, what is 2 + 100031301311?
100031301313
In base 14, what is -2 - 43669724?
-43669726
In base 14, what is -92 + 37bd77?
37bcc5
In base 4, what is -1101 - -30113220?
30112113
In base 2, what is -101000001001 + -1111100010011001?
-10000001010100010
In base 7, what is -36 - -312155562?
312155523
In base 11, what is -1759484a + -7?
-17594856
In base 12, what is 1 - b3626?
-b3625
In base 13, what is 129 + 26bb0?
27009
In base 7, what is -3641506 + 121?
-3641355
In base 13, what is 49022375 - -2?
49022377
In base 12, what is 3540429 + -3?
3540426
In base 3, what is 211 + 112022020000?
112022020211
In base 12, what is -7ba0 + 5a4?
-75b8
In base 10, what is 0 + 2390313?
2390313
In base 2, what is -110 - 10101001001110111110000110?
-10101001001110111110001100
In base 4, what is -1322 - -1232020120?
1232012132
In base 4, what is 3 + 1030003201103?
1030003201112
In base 9, what is -4 + 3243778?
3243774
In base 3, what is -1221102222 - -1001221210?
-212111012
In base 11, what is 696 + -131?
565
In base 8, what is -4 + -13115041?
-13115045
In base 9, what is -50 - -527261?
527211
In base 9, what is -3418 - -77125?
73606
In base 11, what is -3 + -6790455a?
-67904562
In base 16, what is 1c3 + 15efc?
160bf
In base 13, what is -1089 + 429c9?
41940
In base 14, what is 6876cd - -12?
687701
In base 12, what is 5036 + 2902?
7938
In base 13, what is ac11b33 - -4?
ac11b37
In base 9, what is -1027 - 465440?
-466467
In base 11, what is -14 + 387a21?
387a08
In base 4, what is 1001330301 - 313031?
1001011210
In base 10, what is 8387 - -5996?
14383
In base 2, what is 1110101001001101 + 10101011?
1110101011111000
In base 10, what is 1 - -13687862?
13687863
In base 9, what is 1180 - -212256?
213446
In base 11, what is 0 - 6040436?
-6040436
In base 14, what is 20 + -65945b?
-65943b
In base 16, what is -21 + a993f?
a991e
In base 15, what is -3 - -599ea9?
599ea6
In base 10, what is -245833 - -73?
-245760
In base 9, what is 27730880 + 4?
27730884
In base 4, what is 310031120 - 2211?
310022303
In base 15, what is 3769d + 159?
37807
In base 5, what is 21143001411 - -3?
21143001414
In base 14, what is -227 + -99d3?
-9c1a
In base 12, what is 2 + -17b4a50?
-17b4a4a
In base 7, what is -30 + -153344620?
-153344650
In base 16, what is 730b - 32b?
6fe0
In base 4, what is -2 - 12211020032?
-12211020100
In base 16, what is 25e7 - 2a1?
2346
In base 2, what is 1000101 + 100111101000110?
100111110001011
In base 9, what is 5 - -12642563?
12642568
In base 14, what is a + bcc4b88?
bcc4b94
In base 16, what is -8ec3 - 71?
-8f34
In base 11, what is -10863542 + 0?
-10863542
In base 6, what is -14 + -223114511?
-223114525
In base 12, what is -7807 + -1a?
-7825
In base 7, what is 1 - -523154014?
523154015
In base 16, what is -d24615 - 6?
-d2461b
In base 8, what is -104 + -1054663?
-1054767
In base 11, what is -5 + -6525759?
-6525763
In base 14, what is 12610 - 1bb?
12433
In base 5, what is -113103324441 - 2?
-113103324443
In base 12, what is 2137 - 14346?
-1220b
In base 15, what is -4d57a3d - 6?
-4d57a44
In base 3, what is -20000112112212 + 202?
-20000112112010
In base 8, what is -15607 + 7121?
-6466
In base 15, what is 11 - 2263ae?
-22639d
In base 11, what is 3840990 + 4?
3840994
In base 4, what is 222223110321000 + -3?
222223110320331
In base 9, what is -143 + -145?
-288
In base 2, what is 1 + 100111011010111111101?
100111011010111111110
In base 15, what is 62 + 134b2?
13524
In base 12, what is 16bbb23 + -7?
16bbb18
In base 9, what is -104650 - 211?
-104861
In base 12, what is -4 - -2b34b7?
2b34b3
In base 14, what is 25dab9 + -22?
25da97
In base 5, what is 303033020 - 44?
303032421
In base 6, what is -4 - 521520341?
-521520345
In base 4, what is 32 - -1232331202?
1232331300
In base 5, what is 100400010 - -4001?
100404011
In base 13, what is -3611 + c63?
-267b
In base 4, what is -10110021 + -11031?
-10121112
In base 11, what is -121128a2 - -3?
-1211289a
In base 6, what is -223422050 - 3?
-223422053
In base 12, what is 60 - 120115?
-120075
In base 12, what is 3471b7a0 + -4?
3471b798
In base 9, what is -7258024 + -17?
-7258042
In base 7, what is -23026 - -22136?
-560
In base 10, what is -11371622 + -14?
-11371636
In base 11, what is -128169 + 842?
-127427
In base 6, what is -32124234 - -12?
-32124222
In base 8, what is -3272512 - -1?
-3272511
In base 3, what is -11 + -21201201002021122?
-21201201002021210
In base 10, what is 461 - 43973?
-43512
In base 10, what is 3 + -24837192?
-24837189
In base 3, what is -2220 + 11220000222212?
11220000212222
In base 4, what is 12033101331 - -21?
12033102012
In base 10, what is -59777037 - -5?
-59777032
In base 13, what is -4ac2 + -3498?
-828a
In base 2, what is -11 - 1100010001000011100101011?
-1100010001000011100101110
In base 7, what is -116 - -4641102?
4640653
In base 12, what is b4b17 + 3?
b4b1a
In base 10, what is -28223 - 1133?
-29356
In base 3, what is -10210020 - 1221200?
-12201220
In base 8, what is 5062050 - -366?
5062436
In base 10, what is 60855 + 626?
61481
In base 11, what is 538a2a8 + -7?
538a2a1
In base 10, what is 25558 - 6232?
19326
In base 9, what is -5 - 334075842?
-334075847
In base 12, what is -1000 + -18b48?
-19b48
In base 9, what is 230633 + 52?
230685
In base 16, what is -3e - cef7?
-cf35
In base 6, what is -114 - -520150200?
520150042
In base 12, what is -b4a387 + -4?
-b4a38b
In base 7, what is -631331036 - -3?
-631331033
In base 14, what is -15bc8b + -150?
-15bddb
In base 6, what is -2523 - -1050502?
1043535
In base 15, what is 91b591 - 2?
91b58e
In base 5, what is 3 + 1221113232?
1221113240
In base 12, what is -487b3b5 + 26?
-487b38b
In base 16, what is -1 + 20ea66?
20ea65
In base 6, what is 4011422 + -233?
4011145
In base 13, what is 7cb4a2 - 5?
7cb49a
In base 6, what is 24 - -433330104?
433330132
In base 2, what is -101 - -1111101100010111011010?
1111101100010111010101
In base 7, what is -1355242223 + 10?
-1355242213
In base 4, what is 32 + 33021130?
33021222
In base 5, what is 10132 - 2120103?
-2104421
In base 5, what is -1320 + 2111200?
2104330
In base 14, what is -2bdab0 - 2?
-2bdab2
In base 14, what is 226 + 95031?
95257
In base 9, what 